{"id":12,"date":"2022-06-22T10:40:32","date_gmt":"2022-06-22T08:40:32","guid":{"rendered":"http:\/\/zeromskiego17.insel-apartamenty.pl\/?page_id=12"},"modified":"2023-04-21T08:08:37","modified_gmt":"2023-04-21T06:08:37","slug":"cennik","status":"publish","type":"page","link":"https:\/\/zeromskiego17.insel-apartamenty.pl\/?page_id=12","title":{"rendered":"Cennik"},"content":{"rendered":"\t\t<div data-elementor-type=\"wp-page\" data-elementor-id=\"12\" class=\"elementor elementor-12\">\n\t\t\t\t\t\t\t\t\t<section class=\"elementor-section elementor-top-section elementor-element elementor-element-602e63d elementor-section-boxed elementor-section-height-default elementor-section-height-default\" data-id=\"602e63d\" data-element_type=\"section\">\n\t\t\t\t\t\t<div class=\"elementor-container elementor-column-gap-default\">\n\t\t\t\t\t<div class=\"elementor-column elementor-col-100 elementor-top-column elementor-element elementor-element-65e3886\" data-id=\"65e3886\" data-element_type=\"column\">\n\t\t\t<div class=\"elementor-widget-wrap elementor-element-populated\">\n\t\t\t\t\t\t\t\t<div class=\"elementor-element elementor-element-e1246bc elementor-widget elementor-widget-heading\" data-id=\"e1246bc\" data-element_type=\"widget\" data-widget_type=\"heading.default\">\n\t\t\t\t<div class=\"elementor-widget-container\">\n\t\t\t<style>\/*! elementor - v3.6.6 - 08-06-2022 *\/\n.elementor-heading-title{padding:0;margin:0;line-height:1}.elementor-widget-heading .elementor-heading-title[class*=elementor-size-]>a{color:inherit;font-size:inherit;line-height:inherit}.elementor-widget-heading .elementor-heading-title.elementor-size-small{font-size:15px}.elementor-widget-heading .elementor-heading-title.elementor-size-medium{font-size:19px}.elementor-widget-heading .elementor-heading-title.elementor-size-large{font-size:29px}.elementor-widget-heading .elementor-heading-title.elementor-size-xl{font-size:39px}.elementor-widget-heading .elementor-heading-title.elementor-size-xxl{font-size:59px}<\/style><h2 class=\"elementor-heading-title elementor-size-default\"><br>Cennik<br>    <\/h2>\t\t<\/div>\n\t\t\t\t<\/div>\n\t\t\t\t\t<\/div>\n\t\t<\/div>\n\t\t\t\t\t\t\t<\/div>\n\t\t<\/section>\n\t\t\t\t<section class=\"elementor-section elementor-top-section elementor-element elementor-element-69db9b4 elementor-section-boxed elementor-section-height-default elementor-section-height-default\" data-id=\"69db9b4\" data-element_type=\"section\">\n\t\t\t\t\t\t<div class=\"elementor-container elementor-column-gap-default\">\n\t\t\t\t\t<div class=\"elementor-column elementor-col-100 elementor-top-column elementor-element elementor-element-cba6b3f\" data-id=\"cba6b3f\" data-element_type=\"column\">\n\t\t\t<div class=\"elementor-widget-wrap elementor-element-populated\">\n\t\t\t\t\t\t\t\t<section class=\"elementor-section elementor-inner-section elementor-element elementor-element-4bdd2bd elementor-section-boxed elementor-section-height-default elementor-section-height-default\" data-id=\"4bdd2bd\" data-element_type=\"section\">\n\t\t\t\t\t\t<div class=\"elementor-container elementor-column-gap-default\">\n\t\t\t\t\t<div class=\"elementor-column elementor-col-50 elementor-inner-column elementor-element elementor-element-7d23eff\" data-id=\"7d23eff\" data-element_type=\"column\">\n\t\t\t<div class=\"elementor-widget-wrap elementor-element-populated\">\n\t\t\t\t\t\t\t\t<div class=\"elementor-element elementor-element-cf8e033 elementor-widget elementor-widget-text-editor\" data-id=\"cf8e033\" data-element_type=\"widget\" data-widget_type=\"text-editor.default\">\n\t\t\t\t<div class=\"elementor-widget-container\">\n\t\t\t<style>\/*! elementor - v3.6.6 - 08-06-2022 *\/\n.elementor-widget-text-editor.elementor-drop-cap-view-stacked .elementor-drop-cap{background-color:#818a91;color:#fff}.elementor-widget-text-editor.elementor-drop-cap-view-framed .elementor-drop-cap{color:#818a91;border:3px solid;background-color:transparent}.elementor-widget-text-editor:not(.elementor-drop-cap-view-default) .elementor-drop-cap{margin-top:8px}.elementor-widget-text-editor:not(.elementor-drop-cap-view-default) .elementor-drop-cap-letter{width:1em;height:1em}.elementor-widget-text-editor .elementor-drop-cap{float:left;text-align:center;line-height:1;font-size:50px}.elementor-widget-text-editor .elementor-drop-cap-letter{display:inline-block}<\/style>\t\t\t\t<p><google-sheets-html-origin><\/google-sheets-html-origin><\/p>\n<p><style type=\"text\/css\"><!--td {border: 1px solid #ccc;}br {mso-data-placement:same-cell;}--><\/style>\n<\/p>\n<table xmlns=\"http:\/\/www.w3.org\/1999\/xhtml\" cellspacing=\"0\" cellpadding=\"0\" dir=\"ltr\" border=\"1\">\n<colgroup>\n<col width=\"100\">\n<col width=\"100\">\n<col width=\"163\"><\/colgroup>\n<tbody>\n<tr>\n<td data-sheets-value=\"{\" 1=\"\" :2=\"\" 2=\"\" :=\"\" termin=\"\">termin<\/td>\n<td data-sheets-value=\"{\" 1=\"\" :2=\"\" 2=\"\" :=\"\" kwota=\"\" za=\"\" dob=\"\">&nbsp; &nbsp; kwota za dob\u0119<\/td>\n<td data-sheets-value=\"{\" 1=\"\" :2=\"\" 2=\"\" :=\"\" minimalna=\"\" d=\"\" ugo=\"\" pobytu=\"\">minimalna d\u0142ugo\u015b\u0107 <br>pobytu<\/td>\n<\/tr>\n<tr>\n<td data-sheets-value=\"{\" 1=\"\" :2=\"\" 2=\"\" :=\"\" 01=\"\" -=\"\" 30=\"\" 04=\"\">1.01 &#8211; 30.04<\/td>\n<td data-sheets-value=\"{\" 1=\"\" :2=\"\" 2=\"\" :=\"\" 140=\"\" z=\"\" data-sheets-numberformat=\"{\" :4=\"\" 0=\"\" 3=\"\" :1=\"\">140 z\u0142*<\/td>\n<td data-sheets-value=\"{\" 1=\"\" :2=\"\" 2=\"\" :=\"\" dni=\"\">2 dni<\/td>\n<\/tr>\n<tr>\n<td data-sheets-value=\"{\" 1=\"\" :2=\"\" 2=\"\" :=\"\" 05=\"\" -=\"\" 31=\"\">1.05 &#8211; 31.05<\/td>\n<td data-sheets-value=\"{\" 1=\"\" :2=\"\" 2=\"\" :=\"\" 270=\"\" z=\"\" data-sheets-numberformat=\"{\" :4=\"\" 0=\"\" 3=\"\" :1=\"\">270 z\u0142*<\/td>\n<td data-sheets-value=\"{\" 1=\"\" :2=\"\" 2=\"\" :=\"\" dni=\"\">2 dni<\/td>\n<\/tr>\n<tr>\n<td data-sheets-value=\"{\" 1=\"\" :2=\"\" 2=\"\" :=\"\" 06=\"\" -=\"\" 30=\"\">1.06 &#8211; 30.06<\/td>\n<td data-sheets-value=\"{\" 1=\"\" :2=\"\" 2=\"\" :=\"\" 370=\"\" z=\"\" data-sheets-numberformat=\"{\" :4=\"\" 0=\"\" 3=\"\" :1=\"\">370 z\u0142*<\/td>\n<td data-sheets-value=\"{\" 1=\"\" :2=\"\" 2=\"\" :=\"\" dni=\"\">2 dni<\/td>\n<\/tr>\n<tr>\n<td data-sheets-value=\"{\" 1=\"\" :2=\"\" 2=\"\" :=\"\" 07=\"\" -=\"\" 31=\"\" 08=\"\">1.07 &#8211; 31.08<\/td>\n<td data-sheets-value=\"{\" 1=\"\" :3=\"\" 3=\"\" :540=\"\" data-sheets-numberformat=\"{\" :4=\"\" 2=\"\" :=\"\" 0=\"\" z=\"\" :1=\"\">540 z\u0142<\/td>\n<td data-sheets-value=\"{\" 1=\"\" :2=\"\" 2=\"\" :=\"\" 4=\"\" dni=\"\">4 dni<\/td>\n<\/tr>\n<tr>\n<td data-sheets-value=\"{\" 1=\"\" :2=\"\" 2=\"\" :=\"\" 09=\"\" -=\"\" 30=\"\">1.09 &#8211; 30.09<\/td>\n<td data-sheets-value=\"{\" 1=\"\" :3=\"\" 3=\"\" :370=\"\" data-sheets-numberformat=\"{\" :4=\"\" 2=\"\" :=\"\" 0=\"\" z=\"\" :1=\"\">370 z\u0142<\/td>\n<td data-sheets-value=\"{\" 1=\"\" :2=\"\" 2=\"\" :=\"\" dni=\"\">2 dni<\/td>\n<\/tr>\n<tr>\n<td data-sheets-value=\"{\" 1=\"\" :2=\"\" 2=\"\" :=\"\" 10=\"\" -=\"\" 31=\"\">1.10 &#8211; 31.10<\/td>\n<td data-sheets-value=\"{\" 1=\"\" :3=\"\" 3=\"\" :270=\"\" data-sheets-numberformat=\"{\" :4=\"\" 2=\"\" :=\"\" 0=\"\" z=\"\" :1=\"\">270 z\u0142<\/td>\n<td data-sheets-value=\"{\" 1=\"\" :2=\"\" 2=\"\" :=\"\" dni=\"\">2 dni<\/td>\n<\/tr>\n<tr>\n<td data-sheets-value=\"{\" 1=\"\" :2=\"\" 2=\"\" :=\"\" 11=\"\" -=\"\" 31=\"\" 12=\"\">1.11 &#8211; 31.12<\/td>\n<td data-sheets-value=\"{\" 1=\"\" :2=\"\" 2=\"\" :=\"\" 140=\"\" z=\"\" data-sheets-numberformat=\"{\" :4=\"\" 0=\"\" 3=\"\" :1=\"\">140 z\u0142*<\/td>\n<td data-sheets-value=\"{\" 1=\"\" :2=\"\" 2=\"\" :=\"\" dni=\"\">2 dni<\/td>\n<\/tr>\n<\/tbody>\n<\/table>\t\t\t\t\t\t<\/div>\n\t\t\t\t<\/div>\n\t\t\t\t\t<\/div>\n\t\t<\/div>\n\t\t\t\t<div class=\"elementor-column elementor-col-50 elementor-inner-column elementor-element elementor-element-9f4f955\" data-id=\"9f4f955\" data-element_type=\"column\">\n\t\t\t<div class=\"elementor-widget-wrap elementor-element-populated\">\n\t\t\t\t\t\t\t\t<div class=\"elementor-element elementor-element-027d22e elementor-widget elementor-widget-text-editor\" data-id=\"027d22e\" data-element_type=\"widget\" data-widget_type=\"text-editor.default\">\n\t\t\t\t<div class=\"elementor-widget-container\">\n\t\t\t\t\t\t\t<p><\/p>\n<p><\/p>\n<p>Do ka\u017cdego pobytu nale\u017cy doliczy\u0107 jednorazow\u0105 op\u0142at\u0119 za sprz\u0105tanie w wysoko\u015bci 230 z\u0142.<\/p>\n<p>Do ka\u017cdego pobytu nale\u017cy doliczy\u0107 op\u0142at\u0119 klimatyczn\u0105 w wysoko\u015bci 5,40 z\u0142 za osob\u0119, za ka\u017cd\u0105 rozpocz\u0119t\u0105 dob\u0119 pobytu.<\/p>\n<p>Ceny zawieraj\u0105 podatek VAT (8%)<\/p>\n<p>Istnieje mo\u017cliwo\u015b\u0107 wystawienia faktury VAT<\/p>\t\t\t\t\t\t<\/div>\n\t\t\t\t<\/div>\n\t\t\t\t\t<\/div>\n\t\t<\/div>\n\t\t\t\t\t\t\t<\/div>\n\t\t<\/section>\n\t\t\t\t\t<\/div>\n\t\t<\/div>\n\t\t\t\t\t\t\t<\/div>\n\t\t<\/section>\n\t\t\t\t<section class=\"elementor-section elementor-top-section elementor-element elementor-element-5f0d25f elementor-section-boxed elementor-section-height-default elementor-section-height-default\" data-id=\"5f0d25f\" data-element_type=\"section\">\n\t\t\t\t\t\t<div class=\"elementor-container elementor-column-gap-default\">\n\t\t\t\t\t<div class=\"elementor-column elementor-col-100 elementor-top-column elementor-element elementor-element-3073f57\" data-id=\"3073f57\" data-element_type=\"column\">\n\t\t\t<div class=\"elementor-widget-wrap elementor-element-populated\">\n\t\t\t\t\t\t\t\t<div class=\"elementor-element elementor-element-ecbfb30 elementor-widget elementor-widget-text-editor\" data-id=\"ecbfb30\" data-element_type=\"widget\" data-widget_type=\"text-editor.default\">\n\t\t\t\t<div class=\"elementor-widget-container\">\n\t\t\t\t\t\t\t<p><span style=\"font-weight: 400;\">*nie dotyczy wybranych termin\u00f3w:<\/span><\/p><p><span style=\"font-weight: 400;\">\u015awi\u0119ta Bo\u017cego Narodzenia, Nowy Rok, \u015awi\u0119ta Wielkanocne, Maj\u00f3wka, Bo\u017ce Cia\u0142o.<\/span><\/p>\t\t\t\t\t\t<\/div>\n\t\t\t\t<\/div>\n\t\t\t\t\t<\/div>\n\t\t<\/div>\n\t\t\t\t\t\t\t<\/div>\n\t\t<\/section>\n\t\t\t\t\t\t\t<\/div>\n\t\t","protected":false},"excerpt":{"rendered":"<p>Cennik termin &nbsp; &nbsp; kwota za dob\u0119 minimalna d\u0142ugo\u015b\u0107 pobytu 1.01 &#8211; 30.04 140 z\u0142* 2 dni 1.05 &#8211; 31.05 270 z\u0142* 2 dni 1.06 &#8211; 30.06 370 z\u0142* 2 dni 1.07 &#8211; 31.08 540 z\u0142 4 dni 1.09 &#8211; 30.09 370 z\u0142 2 dni 1.10 &#8211; 31.10 270 z\u0142 [&hellip;]<\/p>\n","protected":false},"author":1,"featured_media":0,"parent":0,"menu_order":0,"comment_status":"closed","ping_status":"closed","template":"page-templates\/template-pagebuilder-full-width.php","meta":{"footnotes":""},"class_list":["post-12","page","type-page","status-publish","hentry"],"_links":{"self":[{"href":"https:\/\/zeromskiego17.insel-apartamenty.pl\/index.php?rest_route=\/wp\/v2\/pages\/12","targetHints":{"allow":["GET"]}}],"collection":[{"href":"https:\/\/zeromskiego17.insel-apartamenty.pl\/index.php?rest_route=\/wp\/v2\/pages"}],"about":[{"href":"https:\/\/zeromskiego17.insel-apartamenty.pl\/index.php?rest_route=\/wp\/v2\/types\/page"}],"author":[{"embeddable":true,"href":"https:\/\/zeromskiego17.insel-apartamenty.pl\/index.php?rest_route=\/wp\/v2\/users\/1"}],"replies":[{"embeddable":true,"href":"https:\/\/zeromskiego17.insel-apartamenty.pl\/index.php?rest_route=%2Fwp%2Fv2%2Fcomments&post=12"}],"version-history":[{"count":40,"href":"https:\/\/zeromskiego17.insel-apartamenty.pl\/index.php?rest_route=\/wp\/v2\/pages\/12\/revisions"}],"predecessor-version":[{"id":483,"href":"https:\/\/zeromskiego17.insel-apartamenty.pl\/index.php?rest_route=\/wp\/v2\/pages\/12\/revisions\/483"}],"wp:attachment":[{"href":"https:\/\/zeromskiego17.insel-apartamenty.pl\/index.php?rest_route=%2Fwp%2Fv2%2Fmedia&parent=12"}],"curies":[{"name":"wp","href":"https:\/\/api.w.org\/{rel}","templated":true}]}}